{"id":5734,"date":"2025-07-22T10:29:55","date_gmt":"2025-07-22T08:29:55","guid":{"rendered":"https:\/\/wapico.ch\/?post_type=projekt&#038;p=5734"},"modified":"2025-08-26T10:19:53","modified_gmt":"2025-08-26T08:19:53","slug":"ligue-contre-le-cancer","status":"publish","type":"projekt","link":"https:\/\/wapico.ch\/fr\/projekt\/ligue-contre-le-cancer\/","title":{"rendered":"Ligue contre le cancer"},"content":{"rendered":"\n<p>Campagne Ambassadeur\u00b7rice\u00b7s<br\/><strong>Ensemble, nous sommes plus fort\u00b7e\u00b7s !<\/strong><\/p>\n\n<p>Pour la campagne nationale de la Ligue contre le cancer, nous avons d\u00e9velopp\u00e9 le concept et la ligne visuelle.<br\/>Au c\u0153ur du projet : des personnalit\u00e9s connues de Suisse al\u00e9manique et de Romandie, qui affichent leur solidarit\u00e9 avec les personnes touch\u00e9es par le cancer \u2013 gant de boxe \u00e0 la main et message clair.<br\/>Le slogan : <strong>\u00ab Moi aussi je me bats. \u00bb<\/strong> \u2013 accompagn\u00e9 de messages plus personnels.<\/p>\n\n<p>Nous avons accompagn\u00e9 le projet en \u00e9troite collaboration avec la Ligue contre le cancer : sur le fond, la forme et dans l\u2019adaptation \u00e0 tous les supports \u2013 print, web, r\u00e9seaux sociaux.<\/p>\n\n<p><\/p>\n","protected":false},"featured_media":5752,"parent":0,"template":"","meta":{"_acf_changed":false},"inhaltsart":[29],"leistung":[42,39,43],"class_list":["post-5734","projekt","type-projekt","status-publish","has-post-thumbnail","hentry","inhaltsart-portfolio","leistung-communication","leistung-digital-fr","leistung-print"],"acf":[],"_links":{"self":[{"href":"https:\/\/wapico.ch\/fr\/wp-json\/wp\/v2\/projekt\/5734","targetHints":{"allow":["GET"]}}],"collection":[{"href":"https:\/\/wapico.ch\/fr\/wp-json\/wp\/v2\/projekt"}],"about":[{"href":"https:\/\/wapico.ch\/fr\/wp-json\/wp\/v2\/types\/projekt"}],"wp:featuredmedia":[{"embeddable":true,"href":"https:\/\/wapico.ch\/fr\/wp-json\/wp\/v2\/media\/5752"}],"wp:attachment":[{"href":"https:\/\/wapico.ch\/fr\/wp-json\/wp\/v2\/media?parent=5734"}],"wp:term":[{"taxonomy":"inhaltsart","embeddable":true,"href":"https:\/\/wapico.ch\/fr\/wp-json\/wp\/v2\/inhaltsart?post=5734"},{"taxonomy":"leistung","embeddable":true,"href":"https:\/\/wapico.ch\/fr\/wp-json\/wp\/v2\/leistung?post=5734"}],"curies":[{"name":"wp","href":"https:\/\/api.w.org\/{rel}","templated":true}]}}

<p>Campagne Ambassadeur·rice·s<br/><strong>Ensemble, nous sommes plus fort·e·s !</strong></p>

<p>Pour la campagne nationale de la Ligue contre le cancer, nous avons développé le concept et la ligne visuelle.<br/>Au cœur du projet : des personnalités connues de Suisse alémanique et de Romandie, qui affichent leur solidarité avec les personnes touchées par le cancer – gant de boxe à la main et message clair.<br/>Le slogan : <strong>« Moi aussi je me bats. »</strong> – accompagné de messages plus personnels.</p>

<p>Nous avons accompagné le projet en étroite collaboration avec la Ligue contre le cancer : sur le fond, la forme et dans l’adaptation à tous les supports – print, web, réseaux sociaux.</p>

<p></p>
